emainder when u(1) is divided by 2/3*(-6)/4*o.
2
Let o(f) = 17*f + 5. Suppose 224*b - 93 = 221*b. Calculate the remainder when o(5) is divided by b.
28
Let l(n) = 2*n**2 - 13*n - 3. Let j be l(9). Suppose -35*x - j = -36*x. Let i(t) = t**2 - t + 3. What is the remainder when x is divided by i(-3)?
12
Suppose 0 = 4*s - 0*o - 5*o + 21, 0 = s - o + 5. Suppose -2*g = 3*k + 2*k - 63, 5*k + 15 = 0. Calculate the remainder when g is divided by (-32)/s - -2 - 0.
9
Let x(t) = -30*t**3 + 2*t**2 + t. Let c be (-1 + 0)/(-2*2/(-196)). Let n = 57 + c. What is the remainder when x(-1) is divided by n?
7
Suppose -133 - 37 = -5*f + 5*k, -5*f - 5*k = -160. What is the remainder when 59 is divided by f?
26
Let l = -208 - -227. Calculate the remainder when 128 is divided by l.
14
Let s(g) = g. Let y(u) = 37*u + 18. Let a(d) = 5*s(d) - y(d). What is the remainder when a(-3) is divided by 27?
24
Suppose 19 = 9*q - 98. Suppose 3*a - 125 = q. What is the remainder when 178 is divided by a?
40
Let p = -196 - -214. Calculate the remainder when 143 is divided by p.
17
Suppose -6*q + 8 = 2*q. Let z(s) = 7*s**2 + 1. Calculate the remainder when 20 is divided by z(q).
4
Let v(y) = -2*y - 8. Let b = -14 - -7. Let c be v(b). Let k(z) = 7*z - 3. What is the remainder when k(c) is divided by 14?
11
Calculate the remainder when 96 is divided by 4 + ((-1692)/126)/((-2)/7).
45
Suppose 3*j - 2*x = 49, -7*j + 3*x = -12*j + 107. Calculate the remainder when 181 is divided by j.
10
Calculate the remainder when 10436/58 - 44/(-638) is divided by 61.
58
Suppose 5*v - 2*o - 795 = 3*o, -4*v + 3*o + 633 = 0. Suppose -5*h - v = -0*d - d, -4*d + 712 = 2*h. What is the remainder when d is divided by 59?
58
Let g be 332/36 + (-6)/27. Calculate the remainder when (3/g + -1)*-15 is divided by 3.
1
Suppose -m + 45 + 37 = 0. Calculate the remainder when m is divided by 30.
22
Let m(x) = 11*x**3 - 35*x**3 + 11*x**3 + 14*x**3 - 18*x + 6*x**2. Calculate the remainder when m(-8) is divided by 2.
0
Suppose -80*s + 30*s + 23750 = 0. What is the remainder when s is divided by 80?
75
Let c = -4 - -16. Suppose 2*p = 88 + c. Suppose -4*z + p = z. Calculate the remainder when 37 is divided by z.
7
Let r(l) be the second derivative of -l**5/20 - l**4/12 + 2*l**2 + 3*l. Let g = 298 - 296. Calculate the remainder when r(0) is divided by g.
0
Let m be -2 - 12/(-4) - 19. Let p be m*1*4/(-6). Suppose -2*b - b + p = 0. What is the remainder when b is divided by 3?
1
Suppose -4*r + 62 = 2*a, 0 = -2*r + 5*a - 0*a + 13. Calculate the remainder when (1 - 6)/(17/(-51)) is divided by r.
1
Suppose 3*q = 6*q + 498. Let z be 1 + q*3/(-6). Suppose z = 3*i + i. Calculate the remainder when i is divided by 8.
5
Let s be (-388)/(-14) + (-4)/(-14). Let q be (-1)/2 - (78/4 + -11). Let l = q + s. Calculate the remainder when 112 is divided by l.
17
Let o(q) = -q**2 - 2*q + 151. Let h be o(0). Let d = -89 + h. What is the remainder when d is divided by 22?
18
Suppose 25*f - 310 = -35. Suppose -3*t - t = -216. What is the remainder when t is divided by f?
10
Suppose 3*n - 1975 = 46*c - 48*c, 0 = 4*n - c - 2637. Calculate the remainder when n is divided by 44.
43
Let j = 312 + -297. What is the remainder when (69/(-5) - 1)*-5 is divided by j?
14
Suppose 28*g = 37*g - 81. Calculate the remainder when 104 is divided by g.
5
Suppose 5*u + 18 = -u. What is the remainder when 61 is divided by u/((-3)/14) - 6/(-3)?
13
Suppose -2*k - 4*k + 114 = 0. Suppose 3*d + 67 = 5*d - 3*f, 0 = 3*f + 3. What is the remainder when d is divided by k?
13
Let y(q) = 41*q**2 - q - 3. Let g be y(-3). Calculate the remainder when (12/9)/(6/g) is divided by 43.
39
Let r(f) = 14*f**2 + 9*f + 16. Calculate the remainder when r(-5) is divided by 7.
6
Let m = 1091 - 1067. Calculate the remainder when 741 is divided by m.
21
Suppose 100*u = 104*u + 2*a - 88, 0 = -4*u + 4*a + 112. What is the remainder when u is divided by 13?
11
Let h(v) be the first derivative of -v**4/4 + v**3/3 - v**2/2 + 14*v + 10. Calculate the remainder when 25 is divided by h(0).
11
Suppose 5*j = 5 - 20, 0 = w - 2*j - 15. Calculate the remainder when 12 is divided by (1/3 + 0)*w.
0
Let p(y) = y**2 - 2*y - 7. Suppose -3*o + 128 = -o. What is the remainder when o is divided by p(6)?
13
Let x = -13 + 25. Calculate the remainder when (x/(-4))/((-6)/186) is divided by 16.
13
Let h = 42 + -18. Let p(u) = u**3 + 18. Let c be p(0). Let t = 31 - c. Calculate the remainder when h is divided by t.
11
Let n(h) = -21*h - 171. Suppose -43 = -3*z + 20. Calculate the remainder when n(-11) is divided by z.
18
Let b = -489 + 1088. Calculate the remainder when b is divided by 75.
74
Let j = -21 - -32. Let x(b) = -3*b + 3. Let r be x(j). What is the remainder when 46 is divided by (-384)/r + 8/(-10)?
10
Calculate the remainder when 55 is divided by (2/4)/((-15)/90) + 19.
7
Let g = -135 - -65. Let m be (-182)/g - 2/(-5). Suppose 3*z = -2*z - 5*d + 45, 0 = m*z + 2*d - 30. What is the remainder when 70 is divided by z?
10
Let q be 4/18 - 2*(-742)/(-36). Let d = q + 54. Suppose -2*o = 2*o - 20. What is the remainder when d is divided by o?
3
Let f(w) = 9*w + 2. Let l be f(-1). Let c = 1 - l. Suppose 3*v + 56 = 7*v. What is the remainder when v is divided by c?
6
Suppose 4*l = -2*d + 70, -12*d + 17*d + 3*l - 154 = 0. Calculate the remainder when 1507 is divided by d.
28
Let o(d) = -d**3 - 10*d**2 + 11*d + 4. Let a = 20 + -31. Let t be o(a). What is the remainder when 4/(t/(-5))*-1 is divided by 2?
1
Let i = 35 - -26. Calculate the remainder when i is divided by 18.
7
Suppose 2*b + 34 = -0*b - 5*r, 3*r + 123 = -5*b. Let t = -2 - b. What is the remainder when t is divided by 14?
11
Suppose -44*v + 56 = -40*v. What is the remainder when 570 is divided by v?
10
Let n be ((-12)/18)/((-2)/(-3)). What is the remainder when (-2 + -48)/((-4)/6) is divided by 52*((-4)/8)/n?
23
Suppose -3*b + 0*b = -9. Suppose -15*g + 97 = 7. Calculate the remainder when g is divided by b.
0
Suppose 0*t + 62 = j + 3*t, 3*t = 12. Calculate the remainder when 297 is divided by j.
47
Suppose 4*w + 3*s - 7*s = 140, 0 = 2*s. Calculate the remainder when 103 is divided by w.
33
Let z(s) = -s**2 - 15*s + 116. What is the remainder when 90 is divided by z(-19)?
10
Let z be (3/5)/(3/15). Suppose -3*q + 148 = -5*h, -z*q + 5*h + 250 = 2*q. What is the remainder when q is divided by (-1 + 3)*52/8?
12
Let j(i) = 5*i**2 - 9*i - 3. What is the remainder when 39 + -6 + 2 - -4 is divided by j(3)?
9
Suppose w - 2 = 2*w. Let n be (-2 - w/1) + 3. Suppose 0*j + 19 = n*d + 2*j, -4*d = 4*j - 24. What is the remainder when 20 is divided by d?
6
Calculate the remainder when (-822)/((-42)/(-7))*-1 is divided by 16.
9
Let q(b) = b + 36. Let j(i) = -3*i + 4. Let x be j(5). Calculate the remainder when 48 is divided by q(x).
23
Suppose 3*r + 83 = 4*n, -n = -18*r + 22*r - 35. Suppose -2*p + 42 = -90. What is the remainder when p is divided by n?
20
Calculate the remainder when (11 + -7)*388/(-32)*-6 is divided by 21.
18
Suppose -v + 4*i - 3 = -48, v = i + 36. Suppose 4*y = -0*y + 20, 4*y - 92 = -3*k. Suppose 0*x = 4*x - k. What is the remainder when v is divided by x?
3
What is the remainder when 334 is divided by ((-105)/(-10) + -11)*(-25 - -1)?
10
Let w(a) = 2*a**3 - a + 2. Suppose 3*n + 3 = -3*b, -4*b + 4*n + 37 - 9 = 0. Suppose 0 = o + b*o - 120. Calculate the remainder when o is divided by w(2).
14
Let d be 1*6/9*-9. Let f(i) = i**3 + 7*i**2 + 6*i + 8. Let x be f(d). Let s(b) = 2*b + 5. What is the remainder when 38 is divided by s(x)?
17
Let j(b) = b**2 - 7*b. Suppose 5*o - 156 = 84. Suppose d - 43 = -3*w, -5*w + 37 = 5*d - o. What is the remainder when j(w) is divided by 20?
18
What is the remainder when (1 - 4/2) + 77 is divided by -3 + ((-24)/(-24) - (3 - (-3 + 34)))?
24
Suppose -3*i = -4*h + 5, 17 - 25 = 2*i - 5*h. Calculate the remainder when 25 is divided by i.
0
Calculate the remainder when (-21)/56 - (275/(-8) + -2) is divided by 10.
6
Suppose -5*d = -5*y + 53 - 288, 0 = 3*y + 6. Let i = d + -14. Calculate the remainder when 60 is divided by i.
29
Let g = 18 + -17. Suppose 1 = j - g. Suppose 4*l - 2*z = 336, 187 = j*l + 5*z + 19. What is the remainder when l is divided by 29?
26
Let d = 178 - 171. Let f(z) = z**3 + 8*z**2 + 9*z + 2. Calculate the remaind